e t(8). Let i = m + -9. What is the greatest common factor of 20 and i?
4
Let i(b) = 35*b**2 - 3*b + 1. Let s be i(2). Calculate the greatest common divisor of 27 and s.
27
Suppose 0 = j + 2*j. Suppose 4*s + 0*s - 396 = j. Let t = 0 + 9. Calculate the highest common factor of s and t.
9
Let x(k) = -k + 1. Let h be x(5). Let d = h - -1. Let m = d + 5. Calculate the highest common divisor of 8 and m.
2
Let p(h) = -h**3 - 5*h**2 - 4*h - 3. Let u be p(-4). Let o = u + 3. Suppose 0 = 3*m - o - 6. What is the greatest common divisor of m and 10?
2
Let v(c) = c**2 + 6*c - 4. Let f be v(-8). What is the highest common factor of 16 and f?
4
Suppose -2*c + 8 = -2*q, -2*c + 0*c + 8 = -5*q. What is the greatest common divisor of c and 4?
4
Let x = -27 - -57. Let u be 3*-15*2/(-2). What is the highest common divisor of x and u?
15
Let y be (-1 + (-6)/(-4))*4. Let p be (-14)/5*(1 + -6). Calculate the highest common factor of y and p.
2
Suppose -s + 2 = -0*s. Suppose -5*c = -13 - s. What is the highest common divisor of 3 and c?
3
Suppose -5*p = -4*p - 2*o - 34, -4*p + 118 = o. Calculate the greatest common divisor of 45 and p.
15
Let i(m) = 11*m**3 + m**2 - m + 1. Let x = -17 + 18. Let q be i(x). Calculate the greatest common divisor of 108 and q.
12
Suppose -3*b + 27 = -39. Calculate the highest common divisor of 66 and b.
22
Let a(s) be the third derivative of 1/60*s**5 + 2*s**2 + 0 - 1/24*s**4 + 0*s + 0*s**3. Let d be a(-4). Calculate the greatest common divisor of d and 10.
10
Let p(s) = 2*s**3 - 7*s**2 + 6*s - 24. Let v be p(6). Calculate the highest common factor of 24 and v.
24
Let s(u) = 6*u + 9. Let g be s(3). What is the highest common divisor of g and 108?
27
Suppose -5 = 2*j + 1. Let d be 59 - 2*j/(-2). Suppose 2*m + 32 = 6*m. Calculate the highest common divisor of d and m.
8
Suppose 4*n - 140 = 4*w + 560, -655 = -4*n - 5*w. Calculate the greatest common factor of 10 and n.
10
Let d = 6 + -4. Suppose 5 - 1 = 2*k, 5*o = 5*k + 10. Suppose -o*l + 4*q = -24, 0 = -6*l + d*l - 4*q. Calculate the highest common divisor of l and 33.
3
Let p = -133 - -188. Let w(g) = -2*g - 1. Let s be w(-3). What is the highest common factor of p and s?
5
Let p = 14 - 17. Let u = p - -7. What is the highest common divisor of u and 44?
4
Let u(t) = -t**2 + t - 1. Let n be u(-4). Let m be 3219/21 + 4/(-14). Let d = n + m. Calculate the greatest common factor of d and 12.
12
Let a(k) = k**2 - 1. Let g(d) = d**3 + 3*d**2 + 13*d + 16. Let x(y) = -6*a(y) - g(y). Let v be x(-8). What is the highest common divisor of 20 and v?
10
Suppose 0 = -3*i - 4*d - 10, 3*i + 14 = -0*i - 5*d. What is the highest common divisor of 2 and i?
2
Let n be 64 + (5 + -4)*2. Calculate the greatest common factor of 6 and n.
6
Let c be 323/3 + 5/15. Let v be c/15*20/3. Suppose -2*h = -6*h + v. Calculate the highest common divisor of h and 12.
12
Let o(n) = -3*n**2. Let m be o(-1). Let u be m/12 - 1284/(-16). What is the highest common factor of 32 and u?
16
Suppose -292 - 158 = -5*x. Calculate the highest common factor of 10 and x.
10
Suppose 5*k + 3*b + 2 + 64 = 0, k = -2*b - 16. Let c be k*1/(-7)*49. What is the highest common factor of c and 21?
21
Let u be (-1)/3 - 13/(-3). Let m(k) = -7*k. Let p be m(-4). Calculate the greatest common divisor of p and u.
4
Let n(u) = -11*u - 1. Let z = 2 - 3. Let f be n(z). Suppose k - f = 8. Calculate the highest common divisor of 2 and k.
2
Let k(h) = h**3 + 5*h**2 - 6*h + 3. Let z be k(-6). Let v(u) = u**2 - z*u**2 - u + 3*u**2 - 2. Let a be v(6). Calculate the greatest common factor of 14 and a.
14
Suppose -2*o - 21 = -5*o. Let q(x) = -27*x - 3. Let l(v) = 14*v + 1. Let t(f) = -5*l(f) - 3*q(f). Let d be t(o). What is the greatest common factor of d and 27?
27
Let c = 3 + 12. Suppose 0 = 3*x - 0*x - c. What is the greatest common factor of x and 25?
5
Let x = -262 + 387. Calculate the highest common factor of x and 50.
25
Let h = 18 + -13. Suppose -3*w + h*c = -36, -2*w - 5 + 29 = 2*c. Suppose 6*p - w = 3*p. Calculate the highest common divisor of p and 36.
4
Suppose -38 = -w - 27. What is the greatest common divisor of 33 and w?
11
Suppose -4*d + 18 = -0*d - 2*x, 4*x = -d. Let i(j) = -7*j + 4. Let t be i(-4). Calculate the greatest common divisor of t and d.
4
Let r = 228 + -60. Suppose 8 = 4*z + 28, -4*f + 121 = -5*z. Calculate the highest common factor of r and f.
24
Let v(k) = -k**2 - 6*k - 4. Let l be v(-4). Suppose 32 = 2*u + l*p, 7*u = 2*u + 4*p + 80. Let o = -12 + 20. Calculate the highest common factor of u and o.
8
Suppose 0 = 7*y - 3*y - 5*m - 40, 83 = 5*y + 2*m. Let a = -17 - -32. Calculate the highest common factor of y and a.
15
Suppose 5*g = 9*g - 1476. Calculate the greatest common factor of g and 9.
9
Let r be 3*4 + 6/2. Calculate the greatest common divisor of r and 165.
15
Suppose 0 = 2*g - 40 - 20. What is the greatest common factor of 10 and g?
10
Let d(f) = -f**3 + 5. Let z be d(0). Suppose -9 = -2*o + b + 6, -z*o = 4*b - 70. Calculate the highest common factor of o and 30.
10
Suppose 0 = -6*x - 15*x + 651. Let t be (-4770)/(-14) + 4/14. What is the highest common factor of x and t?
31
Let w = -60 + 181. Calculate the greatest common factor of w and 11.
11
Let p be 0/(3*2/3). Let t be p/(5/(15/(-6))). Suppose t = 4*k - k - 33. What is the highest common divisor of k and 33?
11
Let n = -9 - -19. Let l = n + -6. Let q be l/(-14) + 120/28. Calculate the greatest common divisor of 4 and q.
4
Suppose 3*r = -0*r - 36. Let w be 16/(-20)*(r + 2). Calculate the highest common factor of 24 and w.
8
Suppose 67 + 13 = 8*x. Let u = 13 - 8. What is the highest common divisor of u and x?
5
Let o(v) = 20*v + 1. Let i(f) = f + 9. Suppose -z - 2*z = 24. Let g be i(z). Let q be o(g). What is the greatest common divisor of 3 and q?
3
Suppose 2*r = 0, -20 = 2*z - r + 4*r. Let s = z + 28. Calculate the highest common factor of s and 12.
6
Suppose 2*s + 9 = -s. Let y be -15 + -3*2/s. Let i = y + 21. What is the greatest common factor of 20 and i?
4
Let u = -40 + -302. Let v = u + 529. Let n(r) = -r**3 - 7*r**2 + 6*r + 1. Let a be n(-8). What is the greatest common divisor of a and v?
17
Let z be 2/2 - (-1 - 1)*8. What is the highest common factor of z and 187?
17
Suppose -3*h + 12 = 3*f, -h - 11 + 0 = -2*f. Let w(c) be the second derivative of -5*c**3/6 + c. Let t be w(-4). What is the highest common divisor of t and f?
5
Let o = 25 - 4. What is the greatest common divisor of o and 7?
7
Let k = -615 - -1479. Suppose -w - k = -4*w. Suppose 7*j - 4*j - w = 0. Calculate the greatest common factor of 12 and j.
12
Suppose -2*i = n + 14, -2*i + 3*n = 2*n + 18. Let s = -6 - i. Suppose s*v - 16 = -0. What is the greatest common factor of v and 24?
8
Let r(z) = z**3 - 10*z**2 - 8*z - 8. Let b be 0 + (1 - -1 - 16). Let q = b + 25. Let k be r(q). What is the greatest common divisor of 10 and k?
5
Let o(k) = k**3 - 4*k**2 + 4. Let b be o(4). Suppose -28 = 2*s - b*s - 2*z, s = 4*z + 14. What is the highest common factor of 2 and s?
2
Let b be (8/(-5))/(1/(-5)). What is the greatest common factor of 88 and b?
8
Let o be 3 + 1 + 4 - 1/1. What is the highest common divisor of o and 49?
7
Suppose 0 = -w + 4 + 8. What is the greatest common divisor of w and 36?
12
Let z(r) be the first derivative of r**4/2 - r**3/3 - r**2/2 + 2*r + 5. Let j be z(4). What is the greatest common divisor of j and 22?
22
Let x be 1/(-4) - 51/(-12). Suppose -s - 2 - x = -2*a, -15 = -3*a. Calculate the greatest common divisor of 16 and s.
4
Suppose 5*w + 2*v - 390 = 5*v, -4*w + 5*v + 299 = 0. Calculate the highest common factor of w and 9.
9
Let p be (42/(-18) - 5)/(4/(-6)). Calculate the highest common divisor of 1 and p.
1
Suppose 5*v - 137 = -a + 57, 4*a = 4*v - 160. Suppose 21 + v = 5*r. Calculate the highest common factor of r and 48.
12
Let h be (-330)/70*7/2*-2. What is the greatest common divisor of h and 55?
11
Let o(q) = q**2 + 2. Let d be o(2). Let w be d/9*(-6)/(-4). Calculate the highest common divisor of w and 3.
1
Let b be (-24)/(-10) - 10/25. Suppose -b*v + 458 = i, -3*v + i + 697 = -0*v. What is the greatest common divisor of v and 21?
21
Let j(a) = -a**2 - 5*a + 12. Let b be j(-6). What is the greatest common factor of b and 3?
3
Suppose b = -2*b + 6. Let h be (25/(-15))/(b/(-